{"id":24,"date":"2024-03-31T12:13:49","date_gmt":"2024-03-31T12:13:49","guid":{"rendered":"https:\/\/terrain.ee\/?page_id=24"},"modified":"2024-04-13T22:04:16","modified_gmt":"2024-04-13T22:04:16","slug":"contact-us","status":"publish","type":"page","link":"https:\/\/eterrain.ee\/?page_id=24","title":{"rendered":"Contact us"},"content":{"rendered":"\n<p>E-Mail: <a href=\"mailto:contact@terrain.ee\">contact@eterrain.ee<\/a><br>WWW: <a href=\"https:\/\/terrain.ee\">https:\/\/eterrain.ee<\/a><\/p>\n\n\n\n<p>Address:<br>E-Terrain O\u00dc<br>L\u00e4\u00e4nemere tee 38<br>13914 Tallinn, Harjumaa, Estonia<\/p>\n\n\n\n<p>Register Code:<br>16904904<\/p>\n\n\n\n<p>VAT Identification Number:<br><\/p>\n\n\n\n<p>Represented by:<br>CEO Eterrain O\u00dc: Aleksandra Kekkonen<br><\/p>\n","protected":false},"excerpt":{"rendered":"<p>E-Mail: contact@eterrain.eeWWW: https:\/\/eterrain.ee Address:E-Terrain O\u00dcL\u00e4\u00e4nemere tee 3813914 Tallinn, Harjumaa, Estonia Register Code:16904904 VAT Identification Number: Represented by:CEO Eterrain O\u00dc: Aleksandra Kekkonen<\/p>\n","protected":false},"author":1,"featured_media":0,"parent":0,"menu_order":0,"comment_status":"closed","ping_status":"closed","template":"","meta":{"footnotes":""},"class_list":["post-24","page","type-page","status-publish","hentry"],"_links":{"self":[{"href":"https:\/\/eterrain.ee\/index.php?rest_route=\/wp\/v2\/pages\/24","targetHints":{"allow":["GET"]}}],"collection":[{"href":"https:\/\/eterrain.ee\/index.php?rest_route=\/wp\/v2\/pages"}],"about":[{"href":"https:\/\/eterrain.ee\/index.php?rest_route=\/wp\/v2\/types\/page"}],"author":[{"embeddable":true,"href":"https:\/\/eterrain.ee\/index.php?rest_route=\/wp\/v2\/users\/1"}],"replies":[{"embeddable":true,"href":"https:\/\/eterrain.ee\/index.php?rest_route=%2Fwp%2Fv2%2Fcomments&post=24"}],"version-history":[{"count":2,"href":"https:\/\/eterrain.ee\/index.php?rest_route=\/wp\/v2\/pages\/24\/revisions"}],"predecessor-version":[{"id":74,"href":"https:\/\/eterrain.ee\/index.php?rest_route=\/wp\/v2\/pages\/24\/revisions\/74"}],"wp:attachment":[{"href":"https:\/\/eterrain.ee\/index.php?rest_route=%2Fwp%2Fv2%2Fmedia&parent=24"}],"curies":[{"name":"wp","href":"https:\/\/api.w.org\/{rel}","templated":true}]}}